ppose h - 11*h = 150. List the prime factors of h + 66 + (-2 - -3).
2, 13
Suppose 0 = 3*t - 5*d - 198951, 140*d = -2*t + 144*d + 132638. List the prime factors of t.
61, 1087
Let y(x) = 2*x**2 + 4*x + 13. Let j = 18 + -22. Let g be (-12)/j + -1 - 9. List the prime factors of y(g).
83
Let c = 2 + 16. Let o be c/(-3)*(-4)/6. Suppose 4*t - 401 = z, 3*t - 7*t + o*z + 416 = 0. List the prime factors of t.
3, 11
Let i = 599 - 563. What are the prime factors of 48520/i + (-38)/(-171)?
2, 337
Let f(z) = z**3 + 5*z**2 - 5*z + 6. Let q be (-1)/2*(-4 - (60 + 2)). Let o = q + -38. What are the prime factors of f(o)?
31
Let j = -10 - 12. Let k = j + 14. Let f = k + 46. What are the prime factors of f?
2, 19
What are the prime factors of (-56)/(-35)*20954*5/8?
2, 10477
Let v = -1 + 11. Suppose 524 = 14*n - v*n. Suppose 1 + n = 6*o. List the prime factors of o.
2, 11
Let h = 19183 + -15270. List the prime factors of h.
7, 13, 43
Suppose 26827 = 13*q + 10*q - 84861. What are the prime factors of q?
2, 607
Let x(i) = -476*i - 3191. List the prime factors of x(-59).
11, 31, 73
Suppose -26*u + 27*u = 22*u - 145173. What are the prime factors of u?
31, 223
Let u = -146 + 226. Let t = u - 79. What are the prime factors of (t - -3) + 0 + 105?
109
Suppose -7*a - 13*a = -100. Suppose -3*o = -5*i - 438, 181 = 2*o - a*i - 116. List the prime factors of o.
3, 47
Suppose -7*g - 1164 = -3*g. Let p = 528 + g. What are the prime factors of p?
3, 79
Let b be 295/((8/16)/(1 + 1)). Suppose 6*s - 11*s = -b. Suppose -4*i - 2*y = -298, -3*i + 0*y + s = 4*y. What are the prime factors of i?
2, 3
Let w = -8538 - -8540. Suppose 0 = -4*g - 3*h + 13, -3*h = -g + h + 8. Suppose -w*z - 5*n = -504 + 97, -g*z + 4*n + 884 = 0. List the prime factors of z.
2, 3
Let m be (41 + -36)*12/(-10). Let o(j) = -103*j - 42. What are the prime factors of o(m)?
2, 3
Suppose 4*b = -c + 639 + 901, 1155 = 3*b - 2*c. Suppose 5*t - b = 5*u, u + 69 = t - 2*t. Let g = u + 269. List the prime factors of g.
2, 7
Let b be 6 + -11 - -3 - 9. List the prime factors of (60/(-2))/(b/187).
2, 3, 5, 17
Let q(z) = 12308*z**3 - z**2 + 32*z - 32. What are the prime factors of q(1)?
31, 397
Suppose -8*r = -6 - 18. Suppose 0 = -3*l - 5*u + 1142 + 894, 0 = r*l - 4*u - 2081. List the prime factors of l.
3, 229
Let b = -226 - -230. Suppose 4*c - 107 - 1617 = -b*w, -w = 2*c - 428. List the prime factors of w.
2, 7, 31
Let c be -6 + 7 + -1*(-4 - -1). Suppose -4*j = -c*r + 4728, -r - j - 2*j = -1166. What are the prime factors of r?
2, 19, 31
Let v(c) = -c**2 + 9*c + 93. Let a be v(15). Let t(u) = 17*u**3 - u**2 + 5*u + 7. What are the prime factors of t(a)?
2, 59
Suppose 4*x = -i + 284, 0 = -5*i - 3*x + 580 + 806. Let d = i - -8. What are the prime factors of d?
2, 71
Suppose 6*z - 4*z + 14 = 0. Let g(f) = 5*f - 20. Let u(j) = -12*j + 41. Let l(c) = -5*g(c) - 2*u(c). List the prime factors of l(z).
5
Suppose 4*t + 31438 = 6*t + 4*l, 0 = -5*t - l + 78604. List the prime factors of t.
79, 199
Let u = 837 + -817. Suppose -6732 = 14*a - u*a. What are the prime factors of a?
2, 3, 11, 17
Let r(s) = s**3 + 5*s**2 - 5*s - 6. Let v be r(-4). Let y = 946 + -961. List the prime factors of (-4)/v + (-167)/y.
11
Let t(k) = -k. Let q be t(-4). Suppose -2*h - q*o + 2 = 0, 2*o + 3*o + 5 = 0. Suppose 0 = -w - h*i + 33 - 0, -5*i = -3*w + 57. List the prime factors of w.
2, 3
Let v be (0/(-4 - -2 - -1))/6. Suppose 3*c + 201 = i, -3*i + 5*i + 2*c - 434 = v. What are the prime factors of i?
3, 71
Let k(s) = 74*s**2 - 2*s - 2. Let d be 0 - (-5)/(-2)*(-20)/(-25). List the prime factors of k(d).
2, 149
Let d(y) = -8*y**3 - 7*y**2 - 7*y - 65. List the prime factors of d(-12).
5, 17, 151
Let d(l) = 9*l**2 - 14*l + 27. Let b(x) = -3*x**2 + 5*x - 9. Let n(h) = -h + 24. Let a be n(7). Let q(w) = a*b(w) + 6*d(w). What are the prime factors of q(4)?
61
What are the prime factors of 51046 + ((-27)/(-12))/((-30)/(-80))?
2, 12763
Let g(b) = -4*b + 3*b + 2 + 4*b + 149*b**2 - 5*b. List the prime factors of g(2).
2, 3, 11
Let b(h) = -h**3 - 2*h**2 + 48*h - 18. List the prime factors of b(-33).
3, 397
Suppose -2*m + i + 21737 = -6523, 0 = m + i - 14142. List the prime factors of m.
2, 37, 191
Let a(t) = 7*t**2 - 47*t + 1386. What are the prime factors of a(26)?
2, 3, 17
Suppose 2*v + 3499 - 678 = 5*o, -3*o + 4*v = -1687. Let r = o + -163. List the prime factors of r.
2, 3, 67
Let o = -2 + -42. Let r be (-1)/4 + (-11)/o. Suppose 7*z - 604 + 156 = r. List the prime factors of z.
2
Let c = 77660 + -45324. List the prime factors of c.
2, 43, 47
Suppose v + u - 29317 = 0, -1602*u + 58632 = 2*v - 1599*u. List the prime factors of v.
3, 29, 337
Let u = 172 + -163. Suppose 20*d - u*d - 2200 = 0. What are the prime factors of d?
2, 5
Let f = -5 + 7. Let k be (-1)/(f/178)*-3. Suppose -40*u - k = -43*u. List the prime factors of u.
89
Let g(w) = 17*w**3 - w**2 - 15*w + 4 - 3 + 14*w. Let n be g(1). Suppose -n*o + 231 = -13*o. What are the prime factors of o?
7, 11
Let c(y) = 91*y**2 + 113*y + 4. What are the prime factors of c(3)?
2, 7, 83
Suppose 0 = 3210*o - 3214*o + 104. Let t(p) = p**2 + 35 + 3*p + p**3 - 14*p**2 - 13*p**2. List the prime factors of t(o).
113
Let d = 246 - -926. Suppose 11*n + d - 138 = 0. What are the prime factors of n*1/3*-3?
2, 47
Let i be 1/((-4)/8 + 0) + 2. Suppose i = 5*g - 2423 - 822. List the prime factors of g.
11, 59
Let n = -7863 - -17211. What are the prime factors of n?
2, 3, 19, 41
Let z(s) = 30*s**2 - 10*s - 62. List the prime factors of z(14).
2, 17, 167
Suppose 6*i + 112 = -10*i. What are the prime factors of (-14)/4*i/(70/300)?
3, 5, 7
Let s(k) = 560*k**2 - 3*k + 4. Let z be s(1). Suppose 0 = 2*p - 3*p + h + z, -2*p = h - 1119. What are the prime factors of p?
2, 5, 7
Let k = 364 - 345. List the prime factors of (-19)/k - -1*1037.
2, 7, 37
Let u(z) = 1810*z**2 - z - 10. What are the prime factors of u(2)?
2, 13, 139
Let x = 12 + -6. Suppose 0*n + 270 = x*n. Let d = 102 + n. What are the prime factors of d?
3, 7
What are the prime factors of ((-41)/((-738)/(-192)))/(4/(-3822))?
2, 7, 13
Let u = -701 - -1347. Let x = u - 385. What are the prime factors of x?
3, 29
Suppose 25*g = -19*g - 39248. Let i = g + 1624. List the prime factors of i.
2, 3, 61
Let r = -18 + 18. Suppose 0*y + y = 5*w - 1555, -3*w - 3*y + 915 = r. Let p = -220 + w. What are the prime factors of p?
2, 3, 5
Suppose 2*h - j = 5*h + 465, -5*h + 3*j = 761. Let q = h - -329. List the prime factors of q.
5, 7
Suppose 54*a - 58*a + b = -50239, -4*a = -4*b - 50260. What are the prime factors of a?
2, 3, 7, 13, 23
Suppose 3*c - 88 = 4*d, -2*c - 2*d - 11 = -51. Suppose -c = 14*l - 12*l. List the prime factors of (4/5)/(l/(-180)).
2, 3
Suppose -4*v - 29*d + 33*d = 4, 22 = 3*v + 2*d. Let m(u) = 10*u**2 + 13*u - 66. List the prime factors of m(v).
2, 73
Suppose 59 - 3065 = -9*n. Let f = n - 235. What are the prime factors of f?
3, 11
Suppose 45 = 4*w - 5*k, -3*w + 4*k + 32 + 3 = 0. Suppose w*d = d - 388. Let r = d - -217. What are the prime factors of r?
2, 3, 5
Suppose -5 = -3*w + 11*r - 13*r, 4*r - 17 = w. What are the prime factors of 16 - (-2)/(6/(6/w))?
2, 7
Let r = 6014 + 2330. List the prime factors of r.
2, 7, 149
Suppose c - 3 = -3. Suppose c = 6*p - 10*p + 172. Let w = 74 - p. List the prime factors of w.
31
Suppose -4*i + 69106 = -2*h, -4*i + 34155 + 34956 = -3*h. What are the prime factors of i?
2, 3, 2879
Let j(g) = 7*g**2 + 32*g + 215. What are the prime factors of j(23)?
2, 13, 179
Let b(s) = s**2 + 9*s + 2. Let c be b(-13). Suppose 4*a - a = c. Suppose -9*w - 396 = -a*w. What are the prime factors of w?
2, 11
Let b be (-5934)/(-27) + 8/36. Suppose 4*x + 725 = 5*h + b, 5*h = 3*x + 500. Suppose 7 = -3*c + h. What are the prime factors of c?
2, 3, 5
Let g = 3737 + -1803. What are the prime factors of g?
2, 967
Let d(b) = -b**2 - 21*b + 24. Let t be d(-22). Suppose -t*j + 272 = -4*j. Let k = -65 - j. What are the prime factors of k?
71
Let l = 19891 - 19038. List the prime factors of l.
853
Suppose 223*w - 243*w = -261660. What are the prime factors of w?
3, 7, 89
Suppose 2143 = 4*s + 3*o, 43 = -3*o + 46. What are the prime factors of s?
5, 107
Let v(y) = -y**3 + 9*y**2 - 7. Let a be v(8). Suppose 2*k - 343 = a. List the prime factors of k.
2, 5
Suppose 58*y - 221936